= -v**3 - 8*v**2 - 2*v - 6. Calculate w(x).
10
Let h(o) = -10*o. Let f be (-26)/(-143) - 2397/(-187). Determine h(f).
-130
Suppose -3*p = -4 - 2. Let u(f) = -f - 22*f**p - 28*f**2 - 2*f**3 + f**3 + 60*f**2. Determine u(10).
-10
Suppose -16*d + 51 = -13. Let q(s) = -8*s**2 - s - 4. Let m(g) = 20*g - 20*g + 4 + 7*g**2. Let l(b) = 7*m(b) + 6*q(b). Calculate l(d).
-4
Let y be 39/(-3)*1 + 17. Let w(v) = -v**2 + 10*v - 20. Give w(y).
4
Let k = 3 + -7. Let j(p) be the third derivative of 0*p + 5/6*p**3 + 0*p**4 - 1/60*p**5 - 50*p**2 + 0. Give j(k).
-11
Let q(k) = k**3 - 9*k**2 - 26*k + 19. Suppose 28*n - 33*n + 15 = 5*o, 0 = -6*o - n + 58. Give q(o).
-25
Suppose 12 - 14 = -2*p. Let v be (-25)/(-5) + (p - 9). Let m(h) = h**3 + 2*h**2 - 3*h + 4. What is m(v)?
4
Let s(x) = x. Let f be s(3). Let r be (((-120)/4)/(-10))/(3/4). Let m be (r/6)/((-2)/f). Let o(l) = -4*l**2 + l + 1. Determine o(m).
-4
Let p(q) = -q**3 - 42*q**2 - 184*q + 13. Let g be p(-5). Let k(c) = -c**2 + 12*c - 22. Calculate k(g).
10
Let j(w) = -7*w**3 - 22*w**2 + 34*w + 27. Let x(v) = -13 + 3*v**3 + 7 - 14*v - 33*v**2 - 8 + 44*v**2. Let g(y) = 2*j(y) + 5*x(y). Give g(-11).
6
Let u(c) = -4*c - 3. Let p(z) be the third derivative of -5*z**4/24 + 13*z**3/3 - 2*z**2. Let n be ((-25)/(-10))/((-30)/(-72)). Let s be p(n). Determine u(s).
13
Let r = 0 - -3. Let f(d) be the second derivative of -93*d + 1/2*d**3 + 3/2*d**2 + 0. Give f(r).
12
Let n(u) = -3*u**2 - 4*u + 9. Let i(x) = -4*x**2 - 4*x + 8. Let z(k) = 4*i(k) - 3*n(k). Give z(3).
-70
Let z(x) = -10*x + 15. Let c be 8/6*(10 - 76/16) + -7. Determine z(c).
15
Suppose 4*i = r - 39, -3*r + 85 = 5*i + 104. Let t(c) = 6*c + 50. Calculate t(i).
2
Let a(s) = s**2 - 6*s + 9. Let q(m) = m**2 + 28*m + 55. Let p be q(-26). Let x be a(p). Let u(n) = n**3 + n + 6. Determine u(x).
6
Let c(p) = 4*p + 5. Suppose -8*i + 6*i = -158. Let w = -77 + i. Suppose 0 = -9*o - 43 - w. Give c(o).
-15
Let b be (-475)/(-114) + 1/(-6). Suppose -b*x = -7*x + 5*w - 12, -2*w = 3*x - 9. Let g be 4 - (x - (-25)/(-5)). Let k(z) = -z**3 + 9*z**2 - 9*z + 9. Give k(g).
1
Let k(a) = a**2 - 1803 - 4*a**2 + 2*a**2 + 11*a + 1783. Let c be 8/20 + (-38)/(-5). What is k(c)?
4
Let x(d) = -6*d - 3. Let t be x(-2). Suppose -125 = -9*l - 26. Let h(a) = -15*a**2 - a**3 - 8*a + 12*a**2 - l + 13*a**2. Determine h(t).
-2
Let b(k) = -5*k - 99 + 27 - 28. Determine b(-18).
-10
Let m(v) = -5*v**3 - 7*v**2 + 2*v + 1. Let x be m(-2). Let i be (-47)/x + (-3)/27*-2. Let n(c) = c**3 + 4*c**2 - 4*c - 3. What is n(i)?
-8
Let t(o) be the third derivative of 1/60*o**5 + 0 - 11/24*o**4 - o**3 - 64*o**2 + 0*o. Calculate t(11).
-6
Let m(t) = -t**3 + 30*t**2 + 30*t + 33. Let k = -3823 - -3854. Give m(k).
2
Let t(b) = -b**2 - 170*b + 14389. Let x be t(-232). Let u(q) = -11*q**3 + 3*q**2 - 1. Let c(g) = -5*g**3 + g**2 - 1. Let s(h) = -13*c(h) + 6*u(h). Give s(x).
7
Let q(z) = 2*z + 22. Let g(r) = -r - 11. Let t = 185 + -174. Let i(k) = t*g(k) + 6*q(k). Determine i(-8).
3
Let x(q) = q**3 + 18*q**2 - 15*q + 81. Let c be x(-19). Let y(b) = 4*b**2 - 4*b + 1. Calculate y(c).
81
Let y be 1/(5/25 + 0). Let x(i) = -20*i + 100. Calculate x(y).
0
Let d(i) = -311 + 24*i - 238 + 520. Give d(1).
-5
Let x be 98/56*(1 + 3). Let p be 9/((21/(-2))/x). Let k(a) be the first derivative of 2*a**2 - a + 85. Calculate k(p).
-25
Let f = -136 + 130. Let d be 48/18 - f/18. Let v(p) = p**2 - 6*p + 1. Determine v(d).
-8
Suppose -5*y - 4 = 4*f + 36, -y - 9 = f. Let c(m) = -m**3 - 9*m**2 - 9*m + 7. What is c(f)?
-48
Let n(y) = 10*y**3 - 7*y**3 - 8*y**2 - 3 - 1 + 5*y - 3. Let l be n(3). Let u(v) = 11*v + l*v - 26*v + 3. Determine u(-7).
-11
Suppose 4 = 3*d - 2*u, -3*u + 0*u = -3*d. Suppose -d*l + 6 = -6. Let q(g) = -9*g**2 - 2*g + 6*g**2 - g**2 + g**3 + 5*g - 2*g. What is q(l)?
-6
Suppose 7*n - 55 = 2*n. Suppose 0 = n*z - 10*z + 4. Let r be 23/7 - z/(-14). Let x(s) = -s + 4. What is x(r)?
1
Suppose -55*j - 55*j = 516 + 694. Let b(g) = g**2 + 19*g + 23. Give b(j).
-65
Let q(s) be the second derivative of -s**5/60 - 5*s**4/24 - s**3/6 - 19*s**2/2 + 65*s. Let h(c) be the first derivative of q(c). What is h(-5)?
-1
Let u(s) = s**2 - 28*s + 140. Let j be (-44)/9*(891/(-18))/11. What is u(j)?
8
Let h(y) = 5*y + 22*y - 8 + 7*y + y**3 - 41*y - y**2 + 4*y. Calculate h(3).
1
Let r(b) = -10*b - 4. Let c(d) = -d**3 + 15*d**2 - 26*d. Let u be c(13). Determine r(u).
-4
Let y(j) = 25*j - 28. Let f(u) = 6*u - 7. Let t be -1*5 + (-6)/(-6)*-4. Let k(a) = t*f(a) + 2*y(a). Let w be k(2). Let q(m) = -8*m - 1. Give q(w).
7
Let p(r) = -3*r - 2*r + 4 - 1 + 3*r. Give p(-3).
9
Let u(n) = -n**2 + 8*n - 15. Let t(p) = -17*p**2 + 91*p - 24. Let r be t(5). Give u(r).
-3
Let n(u) = -634*u - 633*u - 629*u - 630*u - 14 + 2529*u. Calculate n(-3).
-23
Let a(l) = 7*l - 12. Suppose 0 = -5*h - 59*p + 56*p - 45, -4*p = -20. Determine a(h).
-96
Let h(y) = -865*y + 41 + 0 + 23 + 872*y. Determine h(-8).
8
Let f(u) be the second derivative of -u**4/12 - u**3/6 + 4*u**2 - 228*u - 1. Determine f(-5).
-12
Let h(m) be the third derivative of m**6/120 + m**5/15 - m**4/4 - 5*m**3/3 + 2862*m**2. Give h(-5).
-5
Let f = 1 + 20. Suppose -y - 6 = -f. Suppose 0*q = -5*n - 3*q + y, -5*n + 2*q - 10 = 0. Let j(k) = k - 5. What is j(n)?
-5
Suppose -56*r + 172 + 102 = 50. Let g(f) = 9*f - 10. What is g(r)?
26
Suppose -2*d = -3*v + 23, -10*v - 2*d + 26 = -6*v. Let c(b) be the first derivative of 1/4*b**4 + v*b + 4/3*b**3 + 6 - 3/2*b**2. Calculate c(-5).
-3
Let r(s) = -9*s**2 + 38*s - 247. Let n(g) = 5*g**2 - 19*g + 133. Let p(t) = 11*n(t) + 6*r(t). Give p(-20).
1
Let q = 138071 - 138073. Suppose -3*b = 2*j + 18, -5*b + 4*j - 6 - 24 = 0. Let w(x) = -4. Let r(d) = -d + 3. Let s(v) = b*r(v) - 5*w(v). Give s(q).
-10
Let y(b) = -b**3 - 3*b**2 + 13*b + 11. Let n be y(-5). Let h(o) be the second derivative of 3*o**2 + 0 + 7/6*o**3 + 1/20*o**5 - 2*o + 5/12*o**4. Calculate h(n).
-6
Let q(n) = 7 + 2*n - 3*n + 0*n. Let v(m) = -2*m**2 + 29*m + 119. Suppose i = k + 20, -4*i + 0*k - 3*k + 66 = 0. Let a be v(i). What is q(a)?
14
Let s(d) be the first derivative of d**4/4 + 2*d**3 - 3*d**2 - 12*d + 1143. Give s(-7).
-19
Let v(t) = -9035 + 15*t - 9048 + 18064. Calculate v(5).
56
Let y(z) = -3 - 13 + 4*z - 5*z. Suppose -2092*x = -2178*x - 1032. Give y(x).
-4
Let l(z) = -z**3 - 5*z**2 - 6*z - 6. Suppose -9*p - 4 = 365. Let o = 10 + p. Let q = o + 26. Calculate l(q).
24
Let o(z) = -z**3 + 10*z**2 - 6*z - 33. Let s be o(9). Let u(y) = y**3 + 9*y**2 + 20*y + 13. Let x be u(s). Let c(v) = 37*v**3 + v**2 - v. Give c(x).
37
Let h = 36 + -36. Suppose -4*a + 3*v + 2 = h, 3*v - 23 + 9 = -4*a. Let n(r) = -2*r + 0 + a*r - r - 1. Determine n(4).
-5
Let b(y) be the first derivative of 8 + 2*y - 9/2*y**2 - 1/3*y**3. What is b(-4)?
22
Suppose 0 = 5*k + 17 - 7. Let o(l) = -11*l + 2. Let j(h) = -4*h + 1. Let i(r) = 10*j(r) - 4*o(r). Calculate i(k).
-6
Let y(v) = -v**2 - 6*v - 3. Let m(w) = 3*w - 6. Let d be m(3). Suppose 72 = d*g + 75. Let x(t) = -t**2 - 3*t - 4. Let l be x(g). Calculate y(l).
5
Let s(d) = -d**2 + d + 11. Let h be 30/(-25) - ((-144)/(-30) - 6). What is s(h)?
11
Let j(n) be the first derivative of n**4/4 + n**3/3 + 3*n**2/2 + 10*n - 2890. What is j(-3)?
-17
Let w(g) = -g**3 - 8*g**2 + 13*g + 8. Let q be 9/(9/(-6)*(-54)/(-81)). Give w(q).
-28
Let w(z) = z**3 - 13*z**2 + 37*z + 30. Let l be w(7). Let c(k) = 4*k + 29. Determine c(l).
9
Let b(t) = t**2 + 4 - 77*t + 3*t**2 + 78*t + t**2 - 11 - 4*t**2. Suppose 2 = -g + 7. Give b(g).
23
Let z(o) = 7*o**2 - 12*o + 1. Suppose -3*c - 7 = -2*c. Let t(a) be the first derivative of 8*a**3/3 - 13*a**2/2 - 18. Let w(x) = c*z(x) + 6*t(x). What is w(5)?
-2
Let n(x) = -x + 2. Let c(v) = -3*v - 6 - v + 2*v + 6*v. Let r = -99 - -101. Let q be c(r). Give n(q).
0
Suppose -2*p + 128 = 30*p. Let r(m) = -5 - p*m - 7*m**2 + m**3 - 6*m + 14 - 6. What is r(8)?
-13
Suppose -220*s + 186 + 254 = 0. Let y(f) be the second derivative of f**4/6 + 2*f**3/3 - 3*f**2/2 - 4*f. Give y(s).
13
Suppose 38*o + 7 = 273. Let d(y) be the second derivative of -1/3*y**3 + 0 + 5/2*y**2 - 8*y. Give d(o).
-9
Let z = 1 - -4. Suppose -7*m = -z*m + 10. Let r(o) = 0*o - 12 - 11 + 5*o + 18 + o**2. Determine r(m).
-5
Let s be (-1 - 0) + 15 + 170. Let c be 8/6 + -3 + s/24. Let j(v) = -2*v**3 + 13*v**2 - 6*v - 6. Give j(c).